2 + 2*l - 4. Determine g(d).
4
Let q be (-45)/(-3)*(-35)/(-105). Let k(x) = x + 6. Determine k(q).
11
Let o(g) = -5*g + 3. Let v be o(-3). Let x be (-68)/v + 4/(-18). Let i(y) = 5*y. Let m(c) = -6*c + 1. Let p(h) = 5*i(h) + 4*m(h). What is p(x)?
0
Suppose -6 = -3*t, -n = n + 5*t - 12. Let d(s) = -33*s**3 - s**2 + s - 1. What is d(n)?
-34
Let h(b) = -b**2 - 7*b + 5. Let f be h(-6). Suppose -2*k + 11 = -f. Let w(r) = 8 - k - 5*r + 3. What is w(1)?
-5
Let n be 10/(-85) + 1820/442. Let t(o) = 3 - 1 + o**2 - 4*o - o. What is t(n)?
-2
Let x(s) = -s**2 - 4*s + 315. Let d be x(16). Let p(z) = z**3 + 5*z**2 + 2*z**2 - 2*z**2. Calculate p(d).
0
Let w(a) = a**2 + 5*a - 5. Let x = -16 - -15. Let l be x + 3 + 0 + -3. Let g be (12/(-10))/(l/(-5)). What is w(g)?
1
Suppose 3*a - 16 = -a. Let p(b) = a*b + b + 2 - 8*b + 7*b. What is p(-2)?
-6
Suppose 0 = -5*k - 2 - 13. Let u = 5 + k. Let c(q) = -q**u + q - 6*q + 5*q + q**3 + 3. Determine c(0).
3
Let m(i) = i**3 - 6*i**2 - 7*i + 6. Let z be m(7). Let h(x) be the second derivative of -x**4/12 + 5*x**3/6 + 4*x**2 + 59*x. Calculate h(z).
2
Let v(j) = j**3 + 8*j**2 + 3*j + 8. Let a(k) = -k**3 - k**2 + k + 2. Let x(n) = 2*a(n) + v(n). What is x(7)?
-2
Let s(y) be the third derivative of y**4/8 - y**3 - 67*y**2. Calculate s(3).
3
Let p(l) be the first derivative of -5*l**2/2 - 3. Suppose b - 4*b = -3. Suppose -4*h = -b - 3. What is p(h)?
-5
Let x(o) = -17 - 5 + 57 - 3*o - 11. Calculate x(9).
-3
Let h(m) = m. Let c(y) = 11*y + 11. Let v = -9 - -8. Let p(o) = v*c(o) - h(o). Let r(t) = -4*t - 4. Let k(u) = -4*p(u) + 11*r(u). Give k(-1).
-4
Let z(k) = -2*k - 3*k**2 + 3 - 5 - 6 - k**3 - 3*k**2. Let h be z(-6). Let l(f) = -h*f + 2 + f**3 + f - 2*f + 3*f**2. Give l(-4).
6
Let k be (8/14)/2 + 222/(-42). Suppose 4*u = -0*u + 8. Let z be 1 + (u + k)/(-3). Let y(p) = -2*p**3 + 3*p**2 - p - 1. Give y(z).
-7
Let o(m) = 21*m - 5. Let t = -1623 + 1626. Determine o(t).
58
Let h(r) = 4*r + 2 - 2*r + 0*r + 5*r - 8*r. Give h(4).
-2
Let a(j) = -j**2 - 4*j - 1. Let f = -19 - -12. Let l = -12 - f. What is a(l)?
-6
Let i(z) be the first derivative of -z**4/4 + 4*z**3/3 + z**2 + 5*z - 180. Determine i(5).
-10
Let p(q) = 5*q**2 + 2*q + 1. Suppose 6*w + 2*w = 3*w. Suppose w = -5*j - 2*l + 3 + 2, 5*l - 25 = 0. What is p(j)?
4
Let v(d) = -3*d**2 - 5*d**3 + 4 - 6*d + 6*d**3 + 0*d**2. Suppose 0 = 146*z - 142*z - 20. Calculate v(z).
24
Let z(h) = -h**2 - 17*h + 22. Let y be z(-18). Let p(t) be the first derivative of 1/3*t**3 - y*t - t**2 + 6. What is p(4)?
4
Let m(b) be the third derivative of -b**4/24 + b**3/3 - b**2. Let z(g) = -g**3 - 13*g**2 - 11*g + 17. Let q be z(-12). Give m(q).
-3
Let r(k) be the first derivative of k**3/3 + k**2 - 3*k - 1. Let j = 37 + -24. Let u = -11 + j. What is r(u)?
5
Let t(d) = -114*d + 1. Let k be t(-1). Let x = 108 - k. Let b(j) = j**2 + 8*j - 3. Calculate b(x).
-10
Let p(j) = -8*j**2 - 41*j + 4. Let n(o) = 3*o**2 + 15*o - 1. Let r(y) = 11*n(y) + 4*p(y). Determine r(-4).
17
Let m be 4*((-30)/24 - -2). Let h(c) = 2*c - 4. Determine h(m).
2
Let b = 9 - 9. Let o(a) be the third derivative of a**8/20160 + a**6/144 - a**5/20 + 10*a**2. Let c(h) be the third derivative of o(h). What is c(b)?
5
Let o be (-2 - 1)/(9/(-42)). Let f = 9 - o. Let y(l) = l**3 + 5*l**2 - 2*l - 2. Determine y(f).
8
Suppose -50 = -5*z + 5*o, -5*z + 3*o = 2*o - 50. Let v be z/6 - 3/(-9). Suppose 0*x + 10 = -v*x. Let p(m) = m**2 + 5*m + 7. Calculate p(x).
7
Suppose 3*b + 0*b = -9. Let g be 3*2*b/(-6). Let d(x) = x**g - 4*x**2 + 10*x**2 - x + 6 + 8*x. Determine d(-5).
-4
Suppose -2*n - 7 = -y - 5*n, -2*y - 3*n = -8. Suppose 3*q - 33 = 9*i - 6*i, -q - 5*i - y = 0. Let f(k) = -k**2 + 9*k + 8. Determine f(q).
8
Let m(r) = -11*r**2 + 26*r + 71. Let q(k) = -4*k**2 + 9*k + 24. Let v(j) = -3*m(j) + 8*q(j). What is v(9)?
6
Suppose 3*v + 99 = -5*z, 0 = -3*z + 2*v + 2*v - 42. Let f be (-1 - z) + (-4 - -4). Let d(l) = 5 + f*l + l**2 + 28*l - 51*l. What is d(5)?
0
Let k = 9 + 1. Let a = k - 6. Let b(i) = -i**2 + 0*i**2 - i + a*i. Determine b(3).
0
Let y(w) = w**3 - w + 3. Let r be (0 - -5) + -7 + 2. Calculate y(r).
3
Suppose -w + 5*k = -22, -2*k = -2*w - 7 + 19. Let b(f) = -2 + 3*f + 0 - 13*f + f**w + 5*f. Determine b(5).
-2
Let s(j) = -4*j + 24. Let p be (12/(-24))/1 - (-13)/2. Give s(p).
0
Let c(j) be the first derivative of -j**3/3 + 7*j**2/2 + 13*j - 10. Let a(z) = -z + 23. Let u be a(14). Determine c(u).
-5
Suppose -4*o + 9 = i, 5*i - 8 + 38 = 5*o. Let r = 16 + -13. Let m(u) = -u**2 + u. Let v(g) = -g**2 + 7*g - 1. Let p(w) = r*m(w) - v(w). Determine p(i).
-5
Let z be (24/18)/(4/3). Let g(a) = 4*a + 28 - 27 - 10*a. Calculate g(z).
-5
Let v(j) = -20*j**3 - j**2 + j. Let q be v(1). Let i = q - -16. Let z(r) = -r**2 - 2*r - 5. Give z(i).
-13
Suppose -5*y + 59 = 3*q, -3*y + 3*q + 15 = -2*q. Let r(a) = -3*a + 23. Determine r(y).
-7
Let g(j) = -j + 3. Let x(z) = z**3 - 31*z**2 + 27*z + 87. Let c be x(30). Give g(c).
6
Let y(u) = -1. Let l(q) = -7*q**2 + 2*q. Let j be 12/10 - 1/5. Let o(b) = j*l(b) + y(b). Calculate o(1).
-6
Let h(q) = 4*q + 26. Let u be h(-6). Let k(b) = -b + 91*b**3 + 1 + 0*b - 3 + 2*b**u - 89*b**3. Let o be 2/(-3) + 4/(-3). Determine k(o).
-8
Let w(g) = -20 + 7*g**2 - 27 + 44 + g**3 + 0*g - 5*g. Calculate w(-6).
63
Let b = 20 - 19. Let q(h) = 3*h - 2*h + b + 0 - h**2 + 0*h**2 + 5*h**3. Let i be q(-1). Let r(w) = w**2 + 4*w - 2. What is r(i)?
10
Let g(i) be the first derivative of 7*i**4 + 7*i**3/3 + i**2 - 10. Let p(u) = 13*u**3 + 3*u**2 + u. Let z(o) = 6*g(o) - 13*p(o). Calculate z(4).
-20
Let d(f) = -f**2 + 7*f - 2. Suppose 3*g = 5*p - 18, -2*p = 22*g - 26*g + 4. Give d(p).
4
Let k be 3 + (-1)/(-1)*-1. Suppose 0*p - k*n + 3 = -p, 5*n = p. Let q(x) = -x**3 - 5*x**2 + x + 2. Calculate q(p).
-3
Let o be 6/(-12)*(18 - -2). Let j = -9 - o. Let q(z) = 3*z. Calculate q(j).
3
Let o = 17 - 11. Suppose 2 + o = 2*h. Let q(x) = -h*x - x**2 + 3*x - 18 + 17. What is q(-1)?
-1
Let y(k) = -7*k - 26. Let w(r) = 19*r + 72. Let o(c) = -3*w(c) - 8*y(c). Let i(n) = -n**2 + 2*n - 1. Let h be i(4). Determine o(h).
1
Suppose 5*j - 11 = 3*t - 0, -3*t + 2*j - 17 = 0. Let l(q) = q**2 + 7*q - 13. Determine l(t).
-13
Let g(i) be the third derivative of 0*i + 0 + 10*i**2 + 1/2*i**3 + 1/12*i**4 + 1/60*i**5. Determine g(-3).
6
Let a(x) = -2*x**2 + 33 + 17 - 3*x**2 - 12*x + 4*x**2. Calculate a(-15).
5
Let i(y) = -3*y + 10 - 2909*y**2 + 1456*y**2 + 1452*y**2. Give i(-5).
0
Let k(d) = -2*d + 4. Let w(z) = 2*z + 20. Let y be 8*(0/(-2) - (-15)/(-20)). Let b be w(y). Determine k(b).
-12
Let r(w) = w**2 + w - 7. Let b be r(-7). Let i(a) = b - 23 + 3*a - 2*a. Calculate i(-8).
4
Suppose 0 = -3*n + 6, t - 5*t = -3*n + 6. Let y = 188 - 184. Let a(w) = 3 - y*w - 3 + t. Give a(4).
-16
Let n(m) be the first derivative of m**2 - 5*m - 2. Let w = 5 - 4. Suppose 0 = 3*h + w - 13. Determine n(h).
3
Let m(b) = 1 - 7*b - b**2 - b - 2*b. Let l(p) = p**2 + 9*p. Let f(k) = 6*l(k) + 5*m(k). Give f(-4).
5
Let a(i) = -62*i + 40*i + 5 - 2 + 29*i. Suppose -4*s = -45 + 61. Calculate a(s).
-25
Let i(b) = b**3 + 6*b**2 + 4*b + 2. Suppose 131 = 4*j - 9. Let n = j - 40. Determine i(n).
7
Let f(p) = -p - 3. Let c = 69 - 49. Suppose -29*j + 33*j - c = 0. Determine f(j).
-8
Let y(n) = n**3 + 3 + 18*n**3 + n - 20*n**3. Determine y(-2).
9
Let a(r) = r**2 - 8*r + 5. Suppose 0 = -6*b - 4*b + 50. Calculate a(b).
-10
Let g(p) = 6*p**3 - 1 + 2*p**3 + 6*p**2 - 9*p**3. Suppose 8*j + 17 = 65. Determine g(j).
-1
Let s(n) be the first derivative of -n**2 - 6*n - 293. Give s(7).
-20
Let t(j) = 2*j - 2. Suppose 3*k = 1 + 5. Let h(n) = 2*n - 2. Let p(s) = k*t(s) - 3*h(s). Let o be p(3). Let g(f) = -f + 2. What is g(o)?
6
Let k(v) = 3*v**3 - v**2 + 13*v + 6. Let h(y) = 4*y**3 + y**2 + 18*y + 7. Let p(c) = -4*h(c) + 5*k(c). Give p(-8).
-6
Let r(k) = -5*k**2 - 18*k - 26. Let q(y) = -y**2. Let c(v) = 6*q(v) - r(v). Give c(19).
7
Let c(y) = y**2 + 10*y + 8. Let v = 1173 - 1179. Determine c(v).
-16
Let p(q) be the second derivative of q**4/12 - 4*q**3/3 + 31*q**2/2 + 29*q. Let v(a) be the first derivative of p(a). Give v(6).
4
Let u(s) = -s**2 + 9*s + 9. Let z(m) = -m**3 + 9*m - 5. Let a be z(2). Let v be a/((-3)/42 + (-24)/(-42)). Calculate u(v).
-1
Suppose 0 = -3*s + 4*o + 26, -1 = 3*s + 2*o + 3. Let y(z) = z**2 + 5*z - 2